common factor of 72 and 877644.
36
What is the greatest common factor of 2692808 and 1389?
463
What is the greatest common factor of 6778 and 10?
2
What is the greatest common divisor of 5440 and 291176?
136
Calculate the greatest common factor of 420 and 720580.
140
Calculate the greatest common divisor of 754413 and 33.
33
What is the greatest common factor of 609 and 351393?
609
Calculate the highest common divisor of 1134 and 20574.
162
Calculate the greatest common divisor of 180 and 24580.
20
What is the highest common divisor of 57 and 28671?
57
What is the highest common factor of 172 and 14522132?
172
Calculate the highest common divisor of 408 and 60894.
102
What is the highest common factor of 214336 and 591?
197
Calculate the greatest common factor of 3634564 and 62.
62
What is the greatest common factor of 17649 and 1219?
53
What is the highest common factor of 60 and 3200550?
30
What is the greatest common divisor of 9067155 and 15?
15
What is the highest common divisor of 11421 and 3431?
47
Calculate the highest common divisor of 4212 and 361530.
702
Calculate the greatest common factor of 160 and 7085.
5
Calculate the highest common factor of 102 and 561289.
17
Calculate the highest common factor of 63232 and 5757.
19
Calculate the greatest common divisor of 38 and 9728.
38
Calculate the highest common divisor of 1369937 and 473.
43
What is the greatest common divisor of 8190 and 197015?
455
What is the greatest common divisor of 36 and 223056?
36
What is the greatest common factor of 1818 and 1907991?
909
What is the greatest common divisor of 13547 and 1121?
19
What is the highest common factor of 1354196 and 6524?
932
Calculate the greatest common divisor of 4087 and 5561.
67
What is the highest common divisor of 4800 and 5520?
240
Calculate the highest common factor of 93294 and 1775.
71
What is the greatest common divisor of 4318 and 10160?
254
What is the highest common divisor of 510 and 74358?
102
Calculate the greatest common divisor of 114 and 132186.
6
What is the highest common factor of 760 and 331436?
76
Calculate the highest common factor of 17596 and 2158.
166
What is the greatest common divisor of 430169 and 4071?
1357
Calculate the greatest common divisor of 284 and 310554.
142
Calculate the greatest common factor of 320 and 1408.
64
Calculate the greatest common divisor of 43846 and 1606.
22
What is the highest common divisor of 4876 and 1468895?
1219
Calculate the greatest common divisor of 21350 and 133.
7
Calculate the greatest common factor of 11430 and 5207.
127
Calculate the highest common factor of 4020 and 260.
20
What is the greatest common factor of 99268 and 1794?
598
Calculate the greatest common factor of 5214 and 132.
66
What is the highest common divisor of 406 and 407972?
58
Calculate the greatest common divisor of 40182 and 1776.
222
What is the greatest common factor of 138138 and 390?
78
Calculate the greatest common factor of 3107 and 70983.
239
Calculate the highest common divisor of 800 and 8936.
8
What is the greatest common divisor of 28 and 952?
28
What is the greatest common factor of 32967 and 77517?
891
What is the highest common factor of 1594022 and 34?
34
Calculate the greatest common factor of 3461520 and 480.
240
Calculate the highest common factor of 194335 and 35.
5
What is the highest common factor of 1439505 and 135?
135
What is the highest common factor of 65 and 22415?
5
Calculate the greatest common factor of 30227 and 668.
167
What is the greatest common divisor of 18 and 1979766?
18
What is the greatest common factor of 10250 and 700?
50
What is the greatest common factor of 98885 and 5?
5
Calculate the highest common factor of 195475 and 50.
25
What is the greatest common factor of 1240 and 880?
40
What is the highest common divisor of 102 and 62322?
102
What is the highest common factor of 1378886 and 94?
94
Calculate the greatest common factor of 1341589 and 6307.
901
What is the highest common factor of 22392 and 12751?
311
Calculate the greatest common divisor of 1419 and 258.
129
Calculate the greatest common factor of 3500 and 576100.
700
Calculate the highest common factor of 472834 and 304.
38
Calculate the highest common factor of 96 and 24828.
12
Calculate the greatest common divisor of 7496 and 216.
8
What is the greatest common divisor of 963 and 459?
9
What is the highest common factor of 32072 and 608?
152
What is the greatest common divisor of 204 and 4325140?
68
Calculate the greatest common divisor of 36 and 3037308.
12
What is the highest common divisor of 2257 and 322385?
61
What is the highest common factor of 39324 and 11078?
58
Calculate the greatest common divisor of 7056 and 864.
144
Calculate the greatest common factor of 195888 and 208.
16
Calculate the highest common factor of 1656 and 468.
36
What is the greatest common divisor of 1998 and 1257741?
999
What is the greatest common divisor of 21 and 824726?
7
Calculate the highest common factor of 3407036 and 812.
116
What is the highest common divisor of 249008 and 79?
79
Calculate the greatest common factor of 24 and 152652.
12
Calculate the highest common divisor of 269332 and 28.
28
What is the highest common divisor of 1016 and 107188?
508
What is the highest common divisor of 85 and 22445?
5
Calculate the greatest common factor of 8925 and 31467.
51
What is the greatest common divisor of 405976 and 806?
62
What is the greatest common divisor of 2768 and 91171?
173
What is the greatest common divisor of 440 and 33500?
20
Calculate the greatest common divisor of 64 and 6376.
8
What is the greatest common factor of 4841 and 376?
47
Calculate the highest common factor of 134275 and 15.
5
What is the greatest common divisor of 246 and 1025164?
82
Calculate the greatest common factor of 80762 and 220.
22
What is the highest common divisor of 44 and 9000?
4
Calculate the highest common divisor of 8712 and 75240.
792
Calculate the highest common divisor of 98222 and 402.
134
What is the highest common factor of 264 and 72820?
44
Calculate the greatest common divisor of 7340496 and 654.
654
Calculate the greatest common factor of 1211 and 7343.
7
Calculate the greatest common divisor of 6864 and 2317172.
572
What is the highest common factor of 2112 and 1716?
132
Calculate the highest common divisor of 14672 and 126.
14
Calculate the greatest common divisor of 715 and 163475.
65
What is the greatest common divisor of 84 and 7374507?
21
Calculate the highest common factor of 70620 and 1926.
642
Calculate the highest common divisor of 85 and 1053150.
85
Calculate the highest common factor of 3314 and 2745649.
1657
What is the highest common factor of 1415 and 60279?
283
Calculate the highest common divisor of 618500 and 8500.
500
Calculate the highest common factor of 3652 and 3102.
22
Calculate the greatest common divisor of 3932 and 324.
4
What is the greatest common factor of 32386 and 8?
2
Calculate the highest common factor of 667 and 943.
23
Calculate the highest common factor of 7707 and 7077.
21
Calculate the highest common divisor of 4600911 and 21.
21
What is the greatest common factor of 1546 and 761405?
773
Calculate the greatest common divisor of 19796 and 980.
196
What is the greatest common factor of 290 and 19198?
58
What is the greatest common divisor of 551 and 7011?
19
What is the greatest common divisor of 2829 and 533?
41
What is the highest common factor of 7107 and 9888?
309
Calculate the greatest common divisor of 63040 and 8320.
320
Calculate the greatest common divisor of 1054 and 3896638.
1054
Calculate the highest common divisor of 504 and 221676.
84
What is the greatest common factor of 5040 and 120015?
315
Calculate the greatest common divisor of 3157 and 32494.
77
Calculate the greatest common factor of 927 and 242565.
309
Calculate the greatest common factor of 362517 and 745.
149
What is the greatest common factor of 26 and 3100123?
13
What is the highest common divisor of 375 and 4146000?
375
What is the greatest common divisor of 2210 and 1430?
130
What is the greatest common factor of 23 and 1432969?
23
Calculate the greatest common divisor of 1300 and 1241000.
100
What is the highest common factor of 5510 and 65930?
190
Calculate the greatest common divis